r of 644 and 29302?
322
Calculate the greatest common divisor of 1 and 2083.
1
Calculate the greatest common factor of 296 and 16.
8
Calculate the highest common divisor of 203 and 58.
29
Calculate the highest common divisor of 66 and 4323.
33
Calculate the highest common factor of 31 and 1.
1
What is the greatest common factor of 726 and 594?
66
Calculate the highest common divisor of 36 and 396.
36
What is the highest common factor of 6 and 681?
3
What is the greatest common divisor of 2682 and 18?
18
Calculate the greatest common divisor of 18 and 576.
18
Calculate the greatest common divisor of 147 and 273.
21
What is the greatest common divisor of 95 and 437?
19
Calculate the highest common factor of 44 and 748.
44
What is the highest common factor of 51650 and 100?
50
Calculate the highest common divisor of 68 and 697.
17
Calculate the highest common factor of 30 and 6570.
30
What is the highest common divisor of 2810 and 10?
10
Calculate the greatest common divisor of 24 and 96.
24
What is the greatest common factor of 75 and 200?
25
Calculate the highest common divisor of 91 and 1.
1
Calculate the highest common factor of 493 and 2233.
29
Calculate the greatest common divisor of 55 and 625.
5
What is the highest common factor of 429 and 66?
33
What is the highest common factor of 72 and 2136?
24
What is the greatest common factor of 48684 and 24?
12
Calculate the highest common divisor of 8877 and 33.
33
Calculate the highest common factor of 237 and 3.
3
Calculate the greatest common divisor of 61 and 1037.
61
Calculate the greatest common factor of 561 and 264.
33
What is the highest common factor of 9 and 2943?
9
What is the greatest common factor of 2247 and 35?
7
What is the highest common divisor of 29 and 3306?
29
Calculate the highest common factor of 3993 and 231.
33
What is the highest common divisor of 1818 and 101?
101
What is the highest common factor of 63 and 525?
21
What is the highest common factor of 381 and 635?
127
What is the highest common factor of 92 and 230?
46
What is the highest common factor of 10 and 125?
5
What is the highest common divisor of 60 and 2370?
30
What is the highest common divisor of 15 and 6905?
5
Calculate the greatest common factor of 156 and 14612.
52
What is the greatest common factor of 87 and 696?
87
What is the greatest common divisor of 90 and 7620?
30
Calculate the highest common factor of 91 and 65.
13
Calculate the highest common factor of 148 and 222.
74
Calculate the highest common factor of 96 and 2160.
48
What is the greatest common divisor of 260 and 52?
52
Calculate the highest common factor of 40 and 89.
1
What is the highest common divisor of 924 and 33?
33
Calculate the highest common factor of 3791 and 17.
17
What is the greatest common factor of 54 and 72?
18
What is the highest common factor of 973 and 28?
7
Calculate the greatest common divisor of 77 and 1265.
11
Calculate the highest common factor of 30 and 8.
2
What is the highest common divisor of 483 and 1173?
69
What is the highest common factor of 441 and 9?
9
Calculate the greatest common factor of 18 and 54.
18
What is the greatest common factor of 583 and 2279?
53
Calculate the greatest common factor of 23 and 39.
1
Calculate the greatest common divisor of 124 and 31.
31
Calculate the greatest common divisor of 56 and 966.
14
Calculate the greatest common divisor of 4579 and 19.
19
Calculate the greatest common divisor of 45 and 3495.
15
What is the greatest common factor of 3304 and 224?
56
What is the highest common factor of 402 and 3953?
67
Calculate the greatest common divisor of 816 and 4386.
102
What is the greatest common divisor of 407 and 74?
37
Calculate the greatest common factor of 9 and 801.
9
What is the highest common factor of 3642 and 10?
2
What is the highest common factor of 342 and 126?
18
What is the greatest common factor of 1008 and 2142?
126
What is the highest common divisor of 1904 and 32?
16
Calculate the greatest common factor of 217 and 961.
31
What is the greatest common factor of 3852 and 1?
1
Calculate the highest common factor of 49 and 4.
1
Calculate the greatest common divisor of 91 and 39.
13
What is the greatest common factor of 73 and 3139?
73
What is the greatest common factor of 36 and 1668?
12
Calculate the greatest common factor of 1944 and 312.
24
What is the greatest common factor of 1086 and 6?
6
What is the highest common divisor of 28 and 28?
28
What is the highest common factor of 259 and 1184?
37
What is the greatest common factor of 23 and 989?
23
What is the greatest common factor of 247 and 13?
13
What is the greatest common factor of 3 and 59?
1
Calculate the greatest common factor of 123 and 164.
41
Calculate the highest common divisor of 364 and 65.
13
What is the greatest common divisor of 385 and 5995?
55
Calculate the greatest common divisor of 726 and 6.
6
What is the greatest common factor of 80 and 380?
20
What is the highest common factor of 54 and 45?
9
Calculate the greatest common factor of 19 and 4864.
19
What is the highest common divisor of 296 and 1998?
74
Calculate the greatest common divisor of 14828 and 44.
44
What is the greatest common divisor of 100 and 775?
25
Calculate the greatest common divisor of 1372 and 14.
14
What is the highest common factor of 6960 and 15?
15
What is the highest common divisor of 7168 and 768?
256
What is the greatest common divisor of 1398 and 42?
6
What is the highest common divisor of 10339 and 844?
211
Calculate the greatest common factor of 28 and 2716.
28
Calculate the highest common divisor of 3 and 20751.
3
Calculate the highest common divisor of 195 and 39.
39
Calculate the highest common factor of 4628 and 156.
52
What is the highest common factor of 27 and 387?
9
Calculate the highest common factor of 82 and 1230.
82
What is the greatest common factor of 19 and 13?
1
What is the highest common factor of 42 and 1218?
42
What is the highest common divisor of 6 and 69?
3
Calculate the greatest common divisor of 10 and 445.
5
What is the highest common factor of 9 and 1?
1
Calculate the greatest common divisor of 805 and 35.
35
What is the greatest common factor of 34 and 136?
34
What is the greatest common divisor of 231 and 22?
11
Calculate the highest common divisor of 375 and 3.
3
Calculate the highest common divisor of 66 and 253.
11
What is the highest common factor of 27 and 2187?
27
What is the greatest common divisor of 1428 and 336?
84
What is the greatest common factor of 6 and 26?
2
Calculate the highest common divisor of 13 and 637.
13
Calculate the greatest common factor of 20 and 260.
20
What is the highest common factor of 3735 and 30?
15
What is the highest common divisor of 850 and 238?
34
What is the greatest common divisor of 4625 and 37?
37
What is the highest common divisor of 195 and 910?
65
What is the highest common divisor of 236 and 4?
4
What is the highest common factor of 9401 and 238?
119
What is the highest common divisor of 36 and 900?
36
Calculate the greatest common divisor of 70 and 4942.
14
Calculate the highest common divisor of 48 and 608.
16
What is the highest common factor of 736 and 32?
32
Calculate the highest common divisor of 4641 and 910.
91
What is the greatest common factor of 196 and 70?
14
Calculate the highest common factor of 14227 and 1388.
347
Calculate the greatest common divisor of 72 and 369.
9
Calculate the greatest common divisor of 1898 and 438.
146
What is the highest common divisor of 75 and 1275?
75
Calculate the greatest common factor of 7 and 1.
1
Calculate the greatest common factor of 3 and 753.
3
Calculate the greatest common factor of 82 and 14842.
82
What is the greatest common divisor of 56 and 371?
7
Calculate the greatest common divisor of 71 and 7668.
71
Calculate the greatest common divisor of 676 and 1027.
13
What is the greatest common factor of 385 and 55?
55
Calculate the highest common factor of 4676 and 28.
28
What is the greatest common divisor of 600 and 24?
24
Calculate the highest common divisor of 300 and 4100.
100
Calculate the greatest common divisor of 228 and 12.
12
What is the highest common divisor of 8 and 1?
1
Calculate the highest common divisor of 14 and 350.
14
What is the greatest common factor of 294